?
-10
Let a(x) = -x**2 + 15*x - 23. Suppose 108*u = -358 + 801 + 961. Calculate a(u).
3
Suppose 0 = -2*l + 6*l. Let o(c) = -3*c**2 - 9*c + 11. Let z(t) = -5*t**2 - 16*t + 21. Let y(h) = 7*o(h) - 4*z(h). Calculate y(l).
-7
Let w(x) = 2*x**2 - 3*x**2 + 12*x - 37*x - 242 + 352. What is w(-29)?
-6
Let w(g) = g + 2. Let y(o) = 3 + o**2 + 6*o + 7*o - 2*o + 0. Let z be y(-11). Suppose -10*i + z*i = 14. Give w(i).
0
Let p be (2 + 1)/(-2 - -3). Suppose p*k + 49 + 92 = 0. Let f = 48 + k. Let v(d) = d**3 - d**2 - d. Calculate v(f).
-1
Let l(j) be the first derivative of 4*j**2 + 62*j - 3888. What is l(-7)?
6
Let q(h) = 34*h**2 - 2*h - 17. Suppose 2*i - 8 + 18 = 0. Let g(r) = -52*r**2 + 3*r + 27. Let k(w) = i*g(w) - 8*q(w). Calculate k(-1).
-12
Let z be 1/(-2)*(-8 + 8) - -2. Let r(v) be the first derivative of 2 + 3/2*v**z + 0*v. Give r(2).
6
Let p(y) be the third derivative of y**4/6 + 38*y**3/3 + 78*y**2 - y + 4. Determine p(-21).
-8
Let g be (5 - 6)*(-4 + 2). Let b(u) = -120 + 6*u + 3*u**2 - u**2 - 3*u**g + 122. What is b(6)?
2
Suppose 182*y + 13 - 923 = 0. Let p(d) = 6*d - 25. Calculate p(y).
5
Let u(g) = 39 - 24 - 19 - 15*g + 3*g + 76. What is u(5)?
12
Let g(r) = 2*r + 57. Suppose 232*u - 1495 = 297*u. Determine g(u).
11
Let m(z) = 3*z + 2*z - 279*z**3 + 12 - 8*z + 2*z**2 - 3*z**2 + 278*z**3. Calculate m(0).
12
Let f = 289 + -358. Let x be (3/4)/(f/(-644)). Let o(w) = -w**3 + 7*w**2 - w - 10. What is o(x)?
-17
Let z(f) = 6*f**2 - 3*f**2 + 113*f**3 - 15*f - 54*f**3 + 2*f**2 - 58*f**3 - 71. Give z(-6).
-17
Let g(l) be the second derivative of l**5/60 + l**4/12 - l**3/2 - 2*l**2 - 8*l - 15. Let n(w) be the first derivative of g(w). Suppose 12 = -5*x - 3. Give n(x).
0
Suppose 0 = -24*n + 20*n - 4. Let u(d) = 9*d + 5. Determine u(n).
-4
Let o(r) = -r**3 - 11*r**2 - 2*r + 3. Let v(z) = z**3 - z**2 + 10*z + 56. Let a be v(-3). Determine o(a).
-77
Suppose -10*o + 45 = 5*o. Suppose -5*p = 5*k + 35, o*p - 4*p - 4*k = 10. Let b(x) = x - 6. Let i(q) = 3. Let j(m) = -2*b(m) - 5*i(m). Give j(p).
9
Let o(j) be the second derivative of j**5/20 - j**4/4 - 2*j**3/3 + 25*j. Let t be ((-45)/25)/(1/(-5)). Let l = -6 + t. What is o(l)?
-12
Let r = -57800 + 57801. Let a(l) be the third derivative of -l**6/15 + l**4/24 + l**2. Give a(r).
-7
Let n = 1 + 2. Suppose 248 = 3*a - a - 5*y, n*a + 4*y = 372. Let v = a - 129. Let m(r) = r**2 + 4*r + 1. Calculate m(v).
6
Let h(i) = 18*i + 27*i + 28*i + 3 - 96*i + 21*i. Suppose -7*r - 20 = -3*r. Give h(r).
13
Let h be 7 - ((8 - -3) + -1). Let p(v) be the second derivative of -1/12*v**4 - 2*v - 1/20*v**5 + 1/3*v**3 - 3/2*v**2 + 0. Calculate p(h).
9
Let w(d) = 70*d - 569. Let n be w(8). Let u(z) = z**3 + 8*z**2 - 8*z + 6. What is u(n)?
-3
Let h(j) = -11 - j**2 + 39 + 58 - 13. What is h(-9)?
-8
Let y(p) = p**2 - 13*p - 16. Let r be 4/(-6)*16089/31. Let d = r - -360. Give y(d).
-2
Let y = 2568 + -2575. Let n(h) = -1 - 1 - 2*h - 7*h**2 + 0 - h**3. Determine n(y).
12
Let m(o) = o + 3. Suppose -3*z - u = -317, -4*u - 99 = 4*z - 527. Suppose 34*f = 19*f - z. What is m(f)?
-4
Let i(y) be the third derivative of y**5/60 + 13*y**4/24 + 5*y**3/3 + 1967*y**2 - 2*y. Determine i(-12).
-2
Let f(b) = 22 - 43 + 18*b + 31 - b - 2*b - 12*b**2 + b**3. Calculate f(11).
54
Let z(m) = 39*m**2 + m - 72*m**2 + 11*m**3 - 5 + 38*m**2. Let x(f) = -23*f**3 - 11*f**2 - 2*f + 11. Let g(t) = 6*x(t) + 13*z(t). Determine g(-1).
-6
Suppose 3*n - i = 13, 0 = -5*n + 4*i + 38 - 7. Let f(s) = -3*s**3 + s - 2. Determine f(n).
-80
Let g(w) be the third derivative of -w**6/120 - w**5/12 + w**4/8 - w**3 + 11*w**2 + 2. Let n(k) = k**2 - 5*k + 1. Let r be n(2). Determine g(r).
-21
Suppose -2*z = 4*f - f - 8, -3*z - 4*f = -13. Suppose l + 48 = -z*l. Let q(k) = 1 + 4 - 4 + 2*k - 3. Determine q(l).
-14
Suppose -4*y - 19 - 1 = 0. Let i = y - -8. Let k(z) = 1348*z - 2 + z**2 - 621*z - 730*z. Give k(i).
-2
Let s = 1850 + -1853. Let u(f) = f**3 + 3*f**2 - 2*f. What is u(s)?
6
Let x(h) = -h**2 - 47*h - 13. Let o(a) = -3*a**2 - 131*a - 39. Let l(y) = -4*o(y) + 11*x(y). Calculate l(-8).
21
Let h(r) = -8*r. Suppose 4*j = 11*u - 9*u - 102, 0 = 3*j + 4*u + 60. Let g be 2/(0 - (-4)/(-50)). Let y = j - g. Determine h(y).
-8
Let y be (5 + -3 + -1)/((-1)/(-17)). Let p(i) = 2*i - 33. Let k be p(y). Let d be k/(-3)*4 - (-8)/(-12). Let s(f) = -6*f - 1. Determine s(d).
11
Let r(k) = -k**3 + 5*k**2 - 5*k. Let p(w) = w**2 - 6*w - 14. Let g be p(-4). Let q = g + -22. What is r(q)?
-4
Let l(r) = r**3 + r**2 - 3*r - 27. Suppose 39*b - 6905 = -6905. What is l(b)?
-27
Let a(u) be the second derivative of -31*u**3/6 - u**2 + 133*u - 1. Determine a(1).
-33
Let b = -152 + 156. Suppose o = 2*q - b, -5*q + 8 = o - 23. Let v(s) = -s**2 + 4*s + 2. Determine v(o).
-10
Let h(l) = 4*l + 10. Let t(c) = -5*c - 6. Let z(k) = 6*h(k) + 7*t(k). Give z(4).
-26
Suppose -7 - 97 = -33*l - 5. Let k(a) = -3*a + 9. What is k(l)?
0
Let c(h) = h**3 - 6*h**2 - 5*h + 19. Suppose -2606 = -38*q - 2378. Calculate c(q).
-11
Let h(f) be the third derivative of f**5/60 + f**4/8 + f**3 + 9*f**2 + 55. Determine h(-6).
24
Let m(x) = -2*x**2 + x - 1. Suppose -27 = -7*i + 127. Suppose 3*y = -3*v + 15, 2*y + v + 4*v = i. Give m(y).
-2
Let k(m) = -93*m**2 + 930*m + 1. Let j be k(10). Let v(u) = 16*u**2 - 10*u + 10. Calculate v(j).
16
Suppose 20*c + 151 = -109. Let d(l) = 13*l**2 + 6*l + 21. Let x(m) = 28*m**2 + 11*m + 42. Let a(n) = c*d(n) + 6*x(n). Determine a(-10).
-1
Let y = -237 - -329. Let s = y - 92. Let q(g) = -g**2 + 7. Determine q(s).
7
Let x = 2083 - 2091. Let i(w) = 2*w**3 + 7*w**2 + 0*w**2 + 3*w**2 + 17*w - w**3 + 10. Determine i(x).
2
Let d be -1 - 4 - (-7 - -4)*1. Let a be (d - -3) + -7 - -8. Let c(g) = 9*g + 1. Calculate c(a).
19
Let p(o) be the third derivative of o**6/24 - o**4/24 + o**3/6 - o**2. Suppose -575*u = -592*u - 340. Let z be 7 - (-13 - u) - (0 + -1). Calculate p(z).
5
Let d(t) = 3*t**2 + t - 13. Let w = 1971 - 1966. Give d(w).
67
Suppose 38 = 4*q - 3*i, 3*q + 102 = -i + 111. Let x(p) = p**2 - 6. Give x(q).
19
Suppose -19714*w + 19705*w - 63 = 0. Let z(t) = t**2 - 3*t - 10. What is z(w)?
60
Let y(s) = -3*s**3 + 8701*s - 16*s**2 - 17434*s + 4*s**3 + 8719*s - 38. Determine y(17).
13
Let z(w) = 60*w + 37. Let k(q) = 161*q + 99. Let l(b) = -10*k(b) + 27*z(b). Give l(-3).
-21
Suppose -5*m = -42 - 3. Suppose 2*x - 4*s - m = 17, x + 4*s + 17 = 0. Let h(i) = 37*i - 36*i - x + 4 - 5. Determine h(0).
-4
Let k(b) = -b**2 - 54*b - 199. Let o be k(-4). Let a(q) be the third derivative of 0*q**4 - 1/60*q**5 + 1/30*q**6 - 2*q**2 + 0*q**3 + 0 + 0*q. Determine a(o).
3
Let k be -1 + 5*6/15. Let l be 104/36 - (-1)/9. Suppose 0 = 3*u - l, -3*i + 2*u + 6 = -k. Let g(f) = f**2 + f - 1. Give g(i).
11
Let x(l) = -3*l - 4. Suppose 0 = 2*b + 4*g + 14, 6*b - 5*b = -4*g - 13. Let y be (-1)/1 + 6 + b. What is x(y)?
-16
Suppose -g + 5 + 1 = 0. Let o(m) = 2*m**2 - 47*m + 34. Let u be o(23). Let r(c) = u - 7*c**2 + 13*c**2 - c**3 - c - 9. Calculate r(g).
-4
Suppose 20 + 4 = 8*v. Suppose 2*f = -3*h + 6*h - 1, 0 = v*f - 5*h + 3. Let s(x) = f + 2*x + 3*x - 6*x - x. Calculate s(8).
-12
Let y(c) = 5*c - 76. Let d(q) = -4*q + 65. Let w(h) = 6*d(h) + 5*y(h). What is w(-12)?
-2
Let b(a) = 2*a**2 - 3*a - 7. Let g(r) = 11*r**2 - 4*r - 15. Let n be g(-2). Suppose -n*j + 28*j + 36 = 0. Give b(j).
13
Let d(w) = -10*w - 1. Let a(u) be the third derivative of -1/6*u**3 + 0*u - 14*u**2 + 0 - 7/24*u**4. Let v(f) = 7*a(f) - 5*d(f). Determine v(7).
5
Let l(v) be the third derivative of -7*v**5/60 - v**4/12 - v**3/6 - 1886*v**2. Calculate l(0).
-1
Let a(f) = -5*f - 31. Let r(t) = t + 8. Let n(q) = -2*a(q) - 9*r(q). Suppose -7*j - 2*m + 28 = -5*j, 0 = 5*j + m - 46. Calculate n(j).
-2
Let k = -302 + 343. Let z(j) = 49*j**2 - 9 - 9*j + 2 + j**3 - k*j**2 - 2. Determine z(-9).
-9
Let n(f) be the second derivative of f**3/6 - f**2/2 - f. Suppose 3*d - 6*w - 2092 = -2*w, 5*d = -3*w + 3535. Suppose d*p - 18 = 701*p. Give n(p).
5
Let x(v) = -v**2 + 4*v + 6. Let a = 105 - 87. Let n be -2 + 32/a - (-282)/54. What is x(n)?
1
Let l(f) = -f + 6. Suppose -3*d - 26 + 83 = 0. Let r = d - -13. Suppose -r = -4*x - 4*n, 4*n + 0 - 2 = 2*x. What is l(x)?
1
Let k(w) = -34*w**2 + 217 - 215 + 33*w**2 - 4*w. Suppose -2*a + 20 = 30. Give k(a).
-3
Let j be (3/((-3)/2))/((-60)/(-4650)). Let t 